[INFO] fetching crate tube 0.0.2...
[INFO] checking tube-0.0.2 against master#e6e4f7ed1589e03bc2f6c5931c1a72e7947e8682 for beta-170-4
[INFO] extracting crate tube 0.0.2 into /workspace/builds/worker-2-tc2/source
[INFO] validating manifest of crates.io crate tube 0.0.2 on toolchain e6e4f7ed1589e03bc2f6c5931c1a72e7947e8682
[INFO] running `Command { std: CARGO_HOME="/workspace/cargo-home" RUSTUP_HOME="/workspace/rustup-home" "/workspace/cargo-home/bin/cargo" "+e6e4f7ed1589e03bc2f6c5931c1a72e7947e8682" "metadata" "--manifest-path" "Cargo.toml" "--no-deps", kill_on_drop: false }`
[INFO] started tweaking crates.io crate tube 0.0.2
[INFO] finished tweaking crates.io crate tube 0.0.2
[INFO] tweaked toml for crates.io crate tube 0.0.2 written to /workspace/builds/worker-2-tc2/source/Cargo.toml
[INFO] crate crates.io crate tube 0.0.2 already has a lockfile, it will not be regenerated
[INFO] running `Command { std: CARGO_HOME="/workspace/cargo-home" RUSTUP_HOME="/workspace/rustup-home" "/workspace/cargo-home/bin/cargo" "+e6e4f7ed1589e03bc2f6c5931c1a72e7947e8682" "fetch" "--manifest-path" "Cargo.toml", kill_on_drop: false }`
[INFO] running `Command { std: "docker" "create" "-v" "/var/lib/crater-agent-workspace/builds/worker-2-tc2/target:/opt/rustwide/target:rw,Z" "-v" "/var/lib/crater-agent-workspace/builds/worker-2-tc2/source:/opt/rustwide/workdir:ro,Z" "-v" "/var/lib/crater-agent-workspace/cargo-home:/opt/rustwide/cargo-home:ro,Z" "-v" "/var/lib/crater-agent-workspace/rustup-home:/opt/rustwide/rustup-home:ro,Z" "-e" "SOURCE_DIR=/opt/rustwide/workdir" "-e" "CARGO_TARGET_DIR=/opt/rustwide/target" "-e" "CARGO_HOME=/opt/rustwide/cargo-home" "-e" "RUSTUP_HOME=/opt/rustwide/rustup-home" "-w" "/opt/rustwide/workdir" "-m" "1610612736" "--user" "0:0" "--network" "none" "ghcr.io/rust-lang/crates-build-env/linux@sha256:19e73879b68f455e41552ea35293514db52ea292d993f571636dbffedb77a1ee" "/opt/rustwide/cargo-home/bin/cargo" "+e6e4f7ed1589e03bc2f6c5931c1a72e7947e8682" "metadata" "--no-deps" "--format-version=1", kill_on_drop: false }`
[INFO] [stdout] 1c53f28064adb94a280825ef89dc8823fd18bc883973c2476896391a8512794f
[INFO] running `Command { std: "docker" "start" "-a" "1c53f28064adb94a280825ef89dc8823fd18bc883973c2476896391a8512794f", kill_on_drop: false }`
[INFO] running `Command { std: "docker" "inspect" "1c53f28064adb94a280825ef89dc8823fd18bc883973c2476896391a8512794f", kill_on_drop: false }`
[INFO] running `Command { std: "docker" "rm" "-f" "1c53f28064adb94a280825ef89dc8823fd18bc883973c2476896391a8512794f", kill_on_drop: false }`
[INFO] [stdout] 1c53f28064adb94a280825ef89dc8823fd18bc883973c2476896391a8512794f
[INFO] running `Command { std: "docker" "create" "-v" "/var/lib/crater-agent-workspace/builds/worker-2-tc2/target:/opt/rustwide/target:rw,Z" "-v" "/var/lib/crater-agent-workspace/builds/worker-2-tc2/source:/opt/rustwide/workdir:ro,Z" "-v" "/var/lib/crater-agent-workspace/cargo-home:/opt/rustwide/cargo-home:ro,Z" "-v" "/var/lib/crater-agent-workspace/rustup-home:/opt/rustwide/rustup-home:ro,Z" "-e" "SOURCE_DIR=/opt/rustwide/workdir" "-e" "CARGO_TARGET_DIR=/opt/rustwide/target" "-e" "CARGO_INCREMENTAL=0" "-e" "RUST_BACKTRACE=full" "-e" "RUSTFLAGS=--cap-lints=forbid" "-e" "RUSTDOCFLAGS=--cap-lints=forbid" "-e" "CARGO_HOME=/opt/rustwide/cargo-home" "-e" "RUSTUP_HOME=/opt/rustwide/rustup-home" "-w" "/opt/rustwide/workdir" "-m" "1610612736" "--user" "0:0" "--network" "none" "ghcr.io/rust-lang/crates-build-env/linux@sha256:19e73879b68f455e41552ea35293514db52ea292d993f571636dbffedb77a1ee" "/opt/rustwide/cargo-home/bin/cargo" "+e6e4f7ed1589e03bc2f6c5931c1a72e7947e8682" "check" "--frozen" "--all" "--all-targets" "--message-format=json", kill_on_drop: false }`
[INFO] [stdout] e8be73525e49cf35000a626a5672aea28c74f7a90bb40d68fc65c3a29bd6b555
[INFO] running `Command { std: "docker" "start" "-a" "e8be73525e49cf35000a626a5672aea28c74f7a90bb40d68fc65c3a29bd6b555", kill_on_drop: false }`
[INFO] [stderr]    Compiling proc-macro2 v1.0.40
[INFO] [stderr]    Compiling quote v1.0.20
[INFO] [stderr]    Compiling unicode-ident v1.0.1
[INFO] [stderr]    Compiling syn v1.0.98
[INFO] [stderr]    Compiling libc v0.2.126
[INFO] [stderr]    Compiling futures-core v0.3.21
[INFO] [stderr]    Compiling log v0.4.17
[INFO] [stderr]    Compiling futures-task v0.3.21
[INFO] [stderr]     Checking once_cell v1.12.0
[INFO] [stderr]     Checking itoa v1.0.2
[INFO] [stderr]    Compiling futures-channel v0.3.21
[INFO] [stderr]     Checking futures-sink v0.3.21
[INFO] [stderr]     Checking bytes v1.1.0
[INFO] [stderr]    Compiling futures-util v0.3.21
[INFO] [stderr]    Compiling indexmap v1.9.1
[INFO] [stderr]     Checking slab v0.4.6
[INFO] [stderr]     Checking futures-io v0.3.21
[INFO] [stderr]    Compiling proc-macro-error-attr v1.0.4
[INFO] [stderr]     Checking hashbrown v0.12.1
[INFO] [stderr]     Checking tracing-core v0.1.28
[INFO] [stderr]    Compiling proc-macro-error v1.0.4
[INFO] [stderr]    Compiling serde v1.0.137
[INFO] [stderr]    Compiling httparse v1.7.1
[INFO] [stderr]     Checking lazy_static v1.4.0
[INFO] [stderr]     Checking try-lock v0.2.3
[INFO] [stderr]    Compiling time-macros v0.2.4
[INFO] [stderr]     Checking num_threads v0.1.6
[INFO] [stderr]    Compiling serde_json v1.0.81
[INFO] [stderr]     Checking ryu v1.0.10
[INFO] [stderr]    Compiling heck v0.4.0
[INFO] [stderr]     Checking os_str_bytes v6.2.0
[INFO] [stderr]     Checking http v0.2.8
[INFO] [stderr]     Checking strsim v0.10.0
[INFO] [stderr]     Checking want v0.3.0
[INFO] [stderr]     Checking textwrap v0.15.0
[INFO] [stderr]     Checking termcolor v1.1.3
[INFO] [stderr]     Checking tracing v0.1.35
[INFO] [stderr]     Checking clap_lex v0.2.4
[INFO] [stderr]     Checking socket2 v0.4.4
[INFO] [stderr]     Checking num_cpus v1.13.1
[INFO] [stderr]     Checking mio v0.8.4
[INFO] [stderr]     Checking atty v0.2.14
[INFO] [stderr]     Checking colored v2.0.0
[INFO] [stderr]     Checking http-body v0.4.5
[INFO] [stderr]     Checking time v0.3.11
[INFO] [stderr]     Checking simple_logger v2.2.0
[INFO] [stderr]    Compiling futures-macro v0.3.21
[INFO] [stderr]    Compiling tokio-macros v1.8.0
[INFO] [stderr]    Compiling clap_derive v3.2.7
[INFO] [stderr]     Checking tokio v1.19.2
[INFO] [stderr]     Checking clap v3.2.13
[INFO] [stderr]     Checking futures-executor v0.3.21
[INFO] [stderr]     Checking futures v0.3.21
[INFO] [stderr]     Checking tokio-util v0.7.3
[INFO] [stderr]     Checking h2 v0.3.13
[INFO] [stderr]     Checking hyper v0.14.19
[INFO] [stderr]     Checking tube v0.0.2 (/opt/rustwide/workdir)
[INFO] [stdout] error[E0432]: unresolved import `tube::server`
[INFO] [stdout]  --> examples/server.rs:6:11
[INFO] [stdout]   |
[INFO] [stdout] 6 | use tube::server::ChannelEvent;
[INFO] [stdout]   |           ^^^^^^ could not find `server` in `tube`
[INFO] [stdout] 
[INFO] [stdout] 
[INFO] [stdout] error[E0432]: unresolved import `tube::server`
[INFO] [stdout]  --> examples/server.rs:7:11
[INFO] [stdout]   |
[INFO] [stdout] 7 | use tube::server::ServerEvent;
[INFO] [stdout]   |           ^^^^^^ could not find `server` in `tube`
[INFO] [stdout] 
[INFO] [stdout] 
[INFO] [stdout] error[E0432]: unresolved import `tube::tube`
[INFO] [stdout]  --> examples/server.rs:8:11
[INFO] [stdout]   |
[INFO] [stdout] 8 | use tube::tube::Tube;
[INFO] [stdout]   |           ^^^^ could not find `tube` in `tube`
[INFO] [stdout] 
[INFO] [stdout] 
[INFO] [stdout] error[E0432]: unresolved import `tube::tube`
[INFO] [stdout]  --> examples/server.rs:9:11
[INFO] [stdout]   |
[INFO] [stdout] 9 | use tube::tube::TubeEvent;
[INFO] [stdout]   |           ^^^^ could not find `tube` in `tube`
[INFO] [stdout] 
[INFO] [stdout] 
[INFO] [stdout] error[E0433]: failed to resolve: could not find `server` in `tube`
[INFO] [stdout]   --> examples/server.rs:35:45
[INFO] [stdout]    |
[INFO] [stdout] 35 | fn spawn_channel_handler(mut channel: tube::server::Channel) {
[INFO] [stdout]    |                                             ^^^^^^ could not find `server` in `tube`
[INFO] [stdout] 
[INFO] [stdout] 
[INFO] [stdout] error[E0433]: failed to resolve: could not find `Server` in `tube`
[INFO] [stdout]   --> examples/server.rs:61:28
[INFO] [stdout]    |
[INFO] [stdout] 61 |     let mut server = tube::Server::new(&cli_args.bind_addr).await;
[INFO] [stdout]    |                            ^^^^^^ could not find `Server` in `tube`
[INFO] [stdout] 
[INFO] [stdout] 
[INFO] [stdout] error[E0433]: failed to resolve: could not find `Client` in `tube`
[INFO] [stdout]   --> examples/client.rs:43:28
[INFO] [stdout]    |
[INFO] [stdout] 43 |     let mut client = tube::Client::new(cli_args.server_uri);
[INFO] [stdout]    |                            ^^^^^^ could not find `Client` in `tube`
[INFO] [stdout] 
[INFO] [stdout] 
[INFO] [stdout] warning: unused import: `futures::StreamExt`
[INFO] [stdout]  --> examples/server.rs:1:5
[INFO] [stdout]   |
[INFO] [stdout] 1 | use futures::StreamExt;
[INFO] [stdout]   |     ^^^^^^^^^^^^^^^^^^
[INFO] [stdout]   |
[INFO] [stdout]   = note: `#[warn(unused_imports)]` on by default
[INFO] [stdout] 
[INFO] [stdout] 
[INFO] [stdout] error: aborting due to 6 previous errors; 1 warning emitted
[INFO] [stdout] 
[INFO] [stdout] 
[INFO] [stdout] Some errors have detailed explanations: E0432, E0433.
[INFO] [stdout] 
[INFO] [stdout] For more information about an error, try `rustc --explain E0432`.
[INFO] [stdout] 
[INFO] [stderr] error: could not compile `tube` (example "server") due to 7 previous errors; 1 warning emitted
[INFO] [stderr] warning: build failed, waiting for other jobs to finish...
[INFO] [stdout] warning: unused import: `futures::StreamExt`
[INFO] [stdout]  --> examples/client.rs:7:5
[INFO] [stdout]   |
[INFO] [stdout] 7 | use futures::StreamExt;
[INFO] [stdout]   |     ^^^^^^^^^^^^^^^^^^
[INFO] [stdout]   |
[INFO] [stdout]   = note: `#[warn(unused_imports)]` on by default
[INFO] [stdout] 
[INFO] [stdout] 
[INFO] [stdout] error: aborting due to previous error; 1 warning emitted
[INFO] [stdout] 
[INFO] [stdout] 
[INFO] [stdout] For more information about this error, try `rustc --explain E0433`.
[INFO] [stdout] 
[INFO] [stderr] error: could not compile `tube` (example "client") due to 2 previous errors; 1 warning emitted
[INFO] running `Command { std: "docker" "inspect" "e8be73525e49cf35000a626a5672aea28c74f7a90bb40d68fc65c3a29bd6b555", kill_on_drop: false }`
[INFO] running `Command { std: "docker" "rm" "-f" "e8be73525e49cf35000a626a5672aea28c74f7a90bb40d68fc65c3a29bd6b555", kill_on_drop: false }`
[INFO] [stdout] e8be73525e49cf35000a626a5672aea28c74f7a90bb40d68fc65c3a29bd6b555
